de 298484770?
False
Is 58 a factor of 562414400?
True
Is 1173 a factor of 37320604?
False
Does 11 divide 20838148?
False
Does 29 divide 355576986?
False
Is 390657527 a multiple of 13?
True
Is 1697607 even?
False
Does 109 divide 16717833?
False
Is 4 a factor of 16795217?
False
Is 4478 a factor of 723322384?
True
Is 71878368 a multiple of 753?
True
Is 6689760 a multiple of 33?
True
Is 900 a factor of 9198000?
True
Is 2287555074 a multiple of 2103?
True
Does 95 divide 1890450400?
False
Is 904362629 a multiple of 7?
False
Does 127 divide 38926135?
True
Is 977 a factor of 7806230?
True
Is 15990200 a multiple of 100?
True
Is 414 a factor of 275414391?
False
Is 2219426226 a multiple of 2539?
True
Is 140827549 a multiple of 746?
False
Does 10 divide 49034910?
True
Does 39 divide 1349135385?
True
Is 29132394 a multiple of 83?
False
Does 599 divide 711292577?
False
Is 1620574 a multiple of 2?
True
Is 32166000 a multiple of 9?
True
Is 677385300 a multiple of 30?
True
Does 199 divide 142500318?
True
Is 7636417 a multiple of 17?
True
Does 2222 divide 283516090?
True
Does 50 divide 3571980213?
False
Is 11754 a factor of 5172346839?
False
Does 309 divide 43440456?
True
Is 163494 a multiple of 31?
True
Is 62576989 a multiple of 28?
False
Is 68 a factor of 72815556?
True
Does 122 divide 247902780?
True
Is 440 a factor of 15153160?
True
Is 359497224 a multiple of 27?
True
Is 47 a factor of 86437747?
True
Is 24037716 a multiple of 2?
True
Is 46 a factor of 3241280244?
True
Is 6 a factor of 11493382?
False
Does 919 divide 132793589?
False
Does 117 divide 49312692?
True
Is 6 a factor of 106138284?
True
Does 344 divide 8306380?
False
Does 876 divide 17524380?
True
Is 510 a factor of 13021320?
True
Is 50 a factor of 203996647?
False
Does 1903 divide 355274876?
True
Is 42732235 a multiple of 14?
False
Is 516481296 a multiple of 107?
True
Is 1418249 a multiple of 6?
False
Does 854 divide 50223?
False
Does 443 divide 229145737?
True
Is 33833939 a multiple of 2352?
False
Does 3825 divide 2175357825?
True
Does 538 divide 64964538?
False
Is 472341155 a multiple of 11?
True
Is 13 a factor of 54466217?
True
Does 174 divide 11843815?
False
Does 646 divide 15382926?
False
Does 1832 divide 6877328?
True
Does 1008 divide 167069952?
True
Is 2219 a factor of 33557937?
True
Is 113120855 a multiple of 7?
False
Does 66 divide 1442128578?
True
Does 2284 divide 43304640?
True
Is 370145220 a multiple of 59?
False
Does 41 divide 1269002234?
True
Is 290 a factor of 16940640?
True
Is 2738 a factor of 93814832?
True
Does 77 divide 905060401?
False
Does 29 divide 14582931?
False
Does 1419 divide 18018902?
False
Is 60 a factor of 582601320?
True
Is 634 a factor of 6518807?
False
Is 100 a factor of 36498729?
False
Is 478885851 a multiple of 81?
True
Is 22 a factor of 435517852?
True
Is 10352792 a multiple of 158?
True
Does 265 divide 682721789?
False
Is 6 a factor of 31359228?
True
Is 63 a factor of 482360110?
False
Does 181 divide 31434270?
True
Does 68 divide 889175690?
False
Is 493 a factor of 104837436?
True
Does 759 divide 43392302?
False
Is 129499476 a multiple of 94?
True
Does 95 divide 99264549?
False
Is 5557201497 a multiple of 2049?
True
Does 118 divide 12119718?
False
Is 75141667 a multiple of 28?
False
Is 5263 a factor of 2387970464?
True
Is 189771328 a multiple of 3937?
False
Is 2247168 a multiple of 256?
True
Does 339 divide 90547917?
True
Is 1413397646 a multiple of 2402?
False
Is 5192071 a multiple of 586?
False
Is 39312976 a multiple of 114?
False
Is 1078683221 a multiple of 7?
True
Does 166 divide 28022230?
False
Does 661 divide 17417350?
True
Is 553221410 a multiple of 518?
True
Is 1524300 a multiple of 4?
True
Does 309 divide 29853484?
False
Is 7 a factor of 86541560?
True
Does 4413 divide 270521681?
False
Is 73 a factor of 5187526?
True
Is 8932221 a multiple of 624?
False
Is 24413908 a multiple of 74?
False
Is 6 a factor of 17867693?
False
Is 587034862 a multiple of 3235?
False
Is 23841435 a multiple of 224?
False
Does 2284 divide 221123176?
True
Does 1897 divide 142865370?
False
Is 15583956 a multiple of 20?
False
Is 683 a factor of 32474601?
True
Is 795401937 a multiple of 27?
True
Does 103 divide 3084756785?
True
Does 40 divide 36425280?
True
Is 342759330 a multiple of 15?
True
Is 76 a factor of 431170341?
False
Is 46791934 a multiple of 472?
False
Does 17 divide 9152963?
False
Does 1149 divide 22483632?
True
Is 26416596 a multiple of 673?
True
Is 4954905 a multiple of 17?
True
Is 34934305 a multiple of 245?
True
Does 22 divide 377331482?
True
Does 4 divide 16474387?
False
Is 19289464 a multiple of 180?
False
Does 69 divide 80677491?
True
Does 21 divide 24054492?
True
Is 2574342049 a multiple of 290?
False
Is 50463240 a multiple of 19?
True
Is 33719907 a multiple of 76?
False
Is 1165947231 a multiple of 6580?
False
Does 117 divide 156338559?
True
Is 149605428 a multiple of 12?
True
Is 8 a factor of 4327936?
True
Is 224 a factor of 563802127?
False
Is 149711026 a multiple of 28?
False
Is 646 a factor of 5992843?
False
Is 5267 a factor of 780014334?
False
Is 1054 a factor of 3992328552?
True
Is 8450361 a multiple of 207?
True
Is 1551456450 a multiple of 45?
True
Does 9 divide 19399159?
False
Does 1777 divide 1266717394?
False
Is 5287 a factor of 498058285?
False
Is 97555797 a multiple of 29?
True
Is 36 a factor of 451870452?
True
Does 859 divide 137238994?
True
Is 1404785 a multiple of 2?
False
Is 226758 a multiple of 4?
False
Is 138991257 a multiple of 73?
False
Does 3287 divide 1429391815?
False
Does 410 divide 16555800?
True
Does 171 divide 7958746?
False
Does 858 divide 3332967066?
True
Is 35 a factor of 10884312?
False
Is 3282 a factor of 327394609?
False
Is 33002950 a multiple of 10?
True
Is 1612367352 a multiple of 888?
True
Is 2777645 a multiple of 205?
False
Is 148008264 a multiple of 564?
True
Does 804 divide 529826?
False
Is 125 a factor of 673020521?
False
Is 57 a factor of 38736573?
True
Is 71418454 a multiple of 1007?
True
Does 3382 divide 139647742?
False
Is 76016759 a multiple of 13?
True
Is 5 a factor of 519423570?
True
Is 2996262624 a multiple of 24?
True
Is 12 a factor of 312527986?
False
Is 218 a factor of 20158024?
True
Is 2732 a factor of 1189047589?
False
Is 1185 a factor of 21007090?
False
Does 2083 divide 1507508913?
False
Does 650 divide 196597700?
True
Is 590679912 a multiple of 657?
False
Is 19385635 a multiple of 875?
False
Is 17031173 a multiple of 5?
False
Does 10 divide 271142086?
False
Is 367 a factor of 93656932?
True
Does 148 divide 173878948?
False
Is 27402391 a multiple of 21?
False
Does 367 divide 284965958?
True
Does 3 divide 38581165?
False
Is 3386893 a multiple of 17?
True
Does 217 divide 44053107?
False
Does 98 divide 13963988?
False
Is 20443637 a multiple of 30?
False
Is 23714775 a multiple of 4725?
True
Does 197 divide 23387249?
True
Is 26 a factor of 63404640?
True
Is 266 a factor of 53245220?
True
Is 188103854 a multiple of 2240?
False
Does 322 divide 58270759?
False
Is 357 a factor of 49561953?
True
Is 1737351168 a multiple of 14?
True
Is 3374013323 a multiple of 11460?
False
Does 12 divide 27696684?
True
Is 6 a factor of 11303191?
False
Is 231992452 a multiple of 708?
False
Is 3678565 a multiple of 3?
False
Does 92 divide 2050197231?
False
Is 269880964 a multiple of 4?
True
Does 705 divide 41921001?
False
Is 472 a factor of 73745280?
True
Is 1514 a factor of 27400372?
True
Does 41 divide 564495544?
True
Is 6287206 a multiple of 398?
True
Is 194 a factor of 43906856?
True
Is 861634536 a multiple of 2532?
True
Is 88 a factor of 35397912?
True
Does 19 divide 714045878?
True
Does 4410 divide 162649620?
True
Is 1212 a factor of 893538516?
True
Does 3157 divide 1701445332?
False
Is 2811742 a multiple of 544?
False
Is 20 a factor of 149913730?
False
Is 99363509 a multiple of 35?
False
Is 37 a factor of 112720644?
False
Is 11370625 a multiple of 2?
False
Does 8414 divide 251856262?
True
Is 177 a factor of 14672531?
False
Is 1638 a factor of 5935958?
False
Is 11 a factor of 1100941864?
True
Is 31 a factor of 35562766?
True
Is 3457 a factor of 414428617?
True
Is 42020088 a multiple of 290?
False
Is 1765 a factor of 215908920?
True
Is 24369582 a multiple of 746?
True
Is 208 a factor of 2511211456?
True
Is 363984640 a multiple of 